{"id":808,"date":"2020-05-22T02:26:38","date_gmt":"2020-05-22T02:26:38","guid":{"rendered":"https:\/\/agathaubiali.com.br\/site\/?page_id=808"},"modified":"2022-07-26T14:01:54","modified_gmt":"2022-07-26T14:01:54","slug":"pele","status":"publish","type":"page","link":"https:\/\/agathaubiali.com.br\/site\/pele\/","title":{"rendered":"Protocolos de pele"},"content":{"rendered":"\t\t<div data-elementor-type=\"wp-page\" data-elementor-id=\"808\" class=\"elementor elementor-808\">\n\t\t\t\t\t\t<section class=\"elementor-section elementor-top-section elementor-element elementor-element-de75fc9 elementor-section-boxed elementor-section-height-default elementor-section-height-default\" data-id=\"de75fc9\" data-element_type=\"section\" data-settings=\"{&quot;background_background&quot;:&quot;classic&quot;}\">\n\t\t\t\t\t\t<div class=\"elementor-container elementor-column-gap-default\">\n\t\t\t\t\t<div class=\"elementor-column elementor-col-100 elementor-top-column elementor-element elementor-element-3078e16\" data-id=\"3078e16\" data-element_type=\"column\">\n\t\t\t<div class=\"elementor-widget-wrap elementor-element-populated\">\n\t\t\t\t\t\t<div class=\"elementor-element elementor-element-5d6d051 elementor-widget elementor-widget-text-editor\" data-id=\"5d6d051\" data-element_type=\"widget\" data-widget_type=\"text-editor.default\">\n\t\t\t\t<div class=\"elementor-widget-container\">\n\t\t\t\t\t\t\t\t\t<p>Est\u00e9tica, rejuvenescimento, naturalidade e mais beleza \u00e0 face<\/p>\t\t\t\t\t\t\t\t<\/div>\n\t\t\t\t<\/div>\n\t\t\t\t\t<\/div>\n\t\t<\/div>\n\t\t\t\t\t<\/div>\n\t\t<\/section>\n\t\t\t\t<section class=\"elementor-section elementor-top-section elementor-element elementor-element-5a21736 elementor-section-content-middle elementor-section-boxed elementor-section-height-default elementor-section-height-default\" data-id=\"5a21736\" data-element_type=\"section\">\n\t\t\t\t\t\t<div class=\"elementor-container elementor-column-gap-default\">\n\t\t\t\t\t<div class=\"elementor-column elementor-col-50 elementor-top-column elementor-element elementor-element-5f891c8\" data-id=\"5f891c8\" data-element_type=\"column\">\n\t\t\t<div class=\"elementor-widget-wrap elementor-element-populated\">\n\t\t\t\t\t\t<div class=\"elementor-element elementor-element-99d0a71 elementor-widget elementor-widget-text-editor\" data-id=\"99d0a71\" data-element_type=\"widget\" data-widget_type=\"text-editor.default\">\n\t\t\t\t<div class=\"elementor-widget-container\">\n\t\t\t\t\t\t\t\t\t<p>Op\u00e7\u00f5es de <span style=\"color: #999; font-size: 1.3em;\">tratamento<\/span> &gt; Protocolos de pele<\/p>\t\t\t\t\t\t\t\t<\/div>\n\t\t\t\t<\/div>\n\t\t\t\t\t<\/div>\n\t\t<\/div>\n\t\t\t\t<div class=\"elementor-column elementor-col-50 elementor-top-column elementor-element elementor-element-152137c elementor-hidden-phone\" data-id=\"152137c\" data-element_type=\"column\">\n\t\t\t<div class=\"elementor-widget-wrap elementor-element-populated\">\n\t\t\t\t\t\t<div class=\"elementor-element elementor-element-f587435 elementor-widget elementor-widget-text-editor\" data-id=\"f587435\" data-element_type=\"widget\" data-widget_type=\"text-editor.default\">\n\t\t\t\t<div class=\"elementor-widget-container\">\n\t\t\t\t\t\t\t\t\t<a href=\"https:\/\/agathaubiali.com.br\/site\/tratamentos\/\">&lt; voltar<\/a>\t\t\t\t\t\t\t\t<\/div>\n\t\t\t\t<\/div>\n\t\t\t\t\t<\/div>\n\t\t<\/div>\n\t\t\t\t\t<\/div>\n\t\t<\/section>\n\t\t\t\t<section class=\"elementor-section elementor-top-section elementor-element elementor-element-2ed573e elementor-section-boxed elementor-section-height-default elementor-section-height-default\" data-id=\"2ed573e\" data-element_type=\"section\">\n\t\t\t\t\t\t<div class=\"elementor-container elementor-column-gap-default\">\n\t\t\t\t\t<div class=\"elementor-column elementor-col-100 elementor-top-column elementor-element elementor-element-f1c3be0\" data-id=\"f1c3be0\" data-element_type=\"column\">\n\t\t\t<div class=\"elementor-widget-wrap elementor-element-populated\">\n\t\t\t\t\t\t<div class=\"elementor-element elementor-element-9a866de elementor-pagination-position-outside elementor-widget elementor-widget-image-carousel\" data-id=\"9a866de\" data-element_type=\"widget\" data-settings=\"{&quot;slides_to_show&quot;:&quot;1&quot;,&quot;navigation&quot;:&quot;dots&quot;,&quot;autoplay_speed&quot;:6000,&quot;speed&quot;:900,&quot;autoplay&quot;:&quot;yes&quot;,&quot;pause_on_hover&quot;:&quot;yes&quot;,&quot;pause_on_interaction&quot;:&quot;yes&quot;,&quot;infinite&quot;:&quot;yes&quot;,&quot;effect&quot;:&quot;slide&quot;}\" data-widget_type=\"image-carousel.default\">\n\t\t\t\t<div class=\"elementor-widget-container\">\n\t\t\t\t\t\t\t<div class=\"elementor-image-carousel-wrapper swiper\" role=\"region\" aria-roledescription=\"carousel\" aria-label=\"Carrossel de imagens\" dir=\"ltr\">\n\t\t\t<div class=\"elementor-image-carousel swiper-wrapper\" aria-live=\"off\">\n\t\t\t\t\t\t\t\t<div class=\"swiper-slide\" role=\"group\" aria-roledescription=\"slide\" aria-label=\"1 de 2\"><figure class=\"swiper-slide-inner\"><picture><source srcset=\"https:\/\/agathaubiali.com.br\/site\/wp-content\/webp-express\/webp-images\/uploads\/elementor\/thumbs\/peeeeel-psc42zvso3f86hgtyidn3pqpv1gewasdrr5t82fnp4.jpg.webp\" type=\"image\/webp\"><img decoding=\"async\" class=\"swiper-slide-image webpexpress-processed\" src=\"https:\/\/agathaubiali.com.br\/site\/wp-content\/uploads\/elementor\/thumbs\/peeeeel-psc42zvso3f86hgtyidn3pqpv1gewasdrr5t82fnp4.jpg\" alt=\"peeeeel\"><\/picture><\/figure><\/div><div class=\"swiper-slide\" role=\"group\" aria-roledescription=\"slide\" aria-label=\"2 de 2\"><figure class=\"swiper-slide-inner\"><picture><source srcset=\"https:\/\/agathaubiali.com.br\/site\/wp-content\/webp-express\/webp-images\/uploads\/elementor\/thumbs\/peeeeel2-psc433n5ffkdgxbdck05dosk8kxvr37b49rr56a308.jpg.webp\" type=\"image\/webp\"><img decoding=\"async\" class=\"swiper-slide-image webpexpress-processed\" src=\"https:\/\/agathaubiali.com.br\/site\/wp-content\/uploads\/elementor\/thumbs\/peeeeel2-psc433n5ffkdgxbdck05dosk8kxvr37b49rr56a308.jpg\" alt=\"peeeeel2\"><\/picture><\/figure><\/div>\t\t\t<\/div>\n\t\t\t\t\t\t\t\n\t\t\t\t\t\t\t\t\t<div class=\"swiper-pagination\"><\/div>\n\t\t\t\t\t\t\t\t\t<\/div>\n\t\t\t\t\t\t<\/div>\n\t\t\t\t<\/div>\n\t\t\t\t<div class=\"elementor-element elementor-element-645750c elementor-invisible elementor-widget elementor-widget-text-editor\" data-id=\"645750c\" data-element_type=\"widget\" data-settings=\"{&quot;_animation&quot;:&quot;fadeIn&quot;}\" data-widget_type=\"text-editor.default\">\n\t\t\t\t<div class=\"elementor-widget-container\">\n\t\t\t\t\t\t\t\t\t<p><span style=\"text-align: start; color: #858585; font-size: 16.5px;\">Protocolos para melhora da qualidade da primeira camada da nossa face que \u00e9 a pele, utilizando microagulhamento com infus\u00e3o de ativos e peelings.<br \/><br \/>Os protocolos s\u00e3o pensados de acordo com a necessidade do paciente, desde clareamento de manchas at\u00e9 protocolos mais espec\u00edficos para tratamento da regi\u00e3o de p\u00e1lpebra inferior e regi\u00e3o ao redor dos l\u00e1bios, por exemplo.<\/span><\/p><div style=\"color: #222222; font-family: Arial, Helvetica, sans-serif; font-size: small; text-align: start;\"><span style=\"color: #858585; font-family: Raleway, sans-serif; font-size: 16.5px;\">Como todos os procedimentos, \u00e9 necess\u00e1rio uma avalia\u00e7\u00e3o presencial para que possamos montar um plano de tratamento e tamb\u00e9m\u00a0para que fique bem claro para o paciente os cuidados p\u00f3s tratamentos de pele. Esse \u00e9 um tipo de tratamento em que os cuidados p\u00f3s peeling s\u00e3o t\u00e3o importantes quanto tudo o que \u00e9 feito dentro do consult\u00f3rio.<\/span><\/div>\t\t\t\t\t\t\t\t<\/div>\n\t\t\t\t<\/div>\n\t\t\t\t<div class=\"elementor-element elementor-element-3f20057 animated-fast elementor-invisible elementor-widget elementor-widget-heading\" data-id=\"3f20057\" data-element_type=\"widget\" data-settings=\"{&quot;_animation&quot;:&quot;fadeInDown&quot;}\" data-widget_type=\"heading.default\">\n\t\t\t\t<div class=\"elementor-widget-container\">\n\t\t\t\t\t<h6 class=\"elementor-heading-title elementor-size-default\">Como funciona?<\/h6>\t\t\t\t<\/div>\n\t\t\t\t<\/div>\n\t\t\t\t<div class=\"elementor-element elementor-element-0bb55df elementor-invisible elementor-widget elementor-widget-text-editor\" data-id=\"0bb55df\" data-element_type=\"widget\" data-settings=\"{&quot;_animation&quot;:&quot;fadeIn&quot;}\" data-widget_type=\"text-editor.default\">\n\t\t\t\t<div class=\"elementor-widget-container\">\n\t\t\t\t\t\t\t\t\t<p><span style=\"color: #858585; font-size: 16.5px; text-align: start;\">Ap\u00f3s a consulta de avalia\u00e7\u00e3o,\u00a0voc\u00ea recebe um kit de preparo de pele e utiliza ele por um tempo antes do dia que ir\u00e1 realizar o protocolo.<\/span><br style=\"color: #858585; font-size: 16.5px; text-align: start;\" \/><br style=\"color: #858585; font-size: 16.5px; text-align: start;\" \/><span style=\"color: #858585; font-size: 16.5px; text-align: start;\">No dia do protocolo, ser\u00e1 realizado microagulhamento com infus\u00e3o de ativos, peeling, e m\u00e1scara seladora (os tipos de ativos\/peelings ser\u00e3o de acordo com sua necessidade).<\/span><br style=\"color: #858585; font-size: 16.5px; text-align: start;\" \/><br style=\"color: #858585; font-size: 16.5px; text-align: start;\" \/><span style=\"color: #858585; font-size: 16.5px; text-align: start;\">Depois de alguns dias se inicia descama\u00e7\u00e3o, e os cuidados dever\u00e3o ser redobrados, mas fica tranquilo que na consulta isso tudo \u00e9 explicado de maneira ainda mais completa pra voc\u00ea!<\/span><\/p>\t\t\t\t\t\t\t\t<\/div>\n\t\t\t\t<\/div>\n\t\t\t\t<div class=\"elementor-element elementor-element-47ad654 animated-fast elementor-invisible elementor-widget elementor-widget-heading\" data-id=\"47ad654\" data-element_type=\"widget\" data-settings=\"{&quot;_animation&quot;:&quot;fadeInDown&quot;}\" data-widget_type=\"heading.default\">\n\t\t\t\t<div class=\"elementor-widget-container\">\n\t\t\t\t\t<h6 class=\"elementor-heading-title elementor-size-default\">Quantas sess\u00f5es s\u00e3o necess\u00e1rias?<\/h6>\t\t\t\t<\/div>\n\t\t\t\t<\/div>\n\t\t\t\t<div class=\"elementor-element elementor-element-004ba96 elementor-invisible elementor-widget elementor-widget-text-editor\" data-id=\"004ba96\" data-element_type=\"widget\" data-settings=\"{&quot;_animation&quot;:&quot;fadeIn&quot;}\" data-widget_type=\"text-editor.default\">\n\t\t\t\t<div class=\"elementor-widget-container\">\n\t\t\t\t\t\t\t\t\t<p><span style=\"color: #858585; font-size: 16.5px; text-align: start;\">Depende do tipo de protocolo que ser\u00e1 indicado para voc\u00ea, e da sua necessidade!\u00a0<\/span><\/p>\t\t\t\t\t\t\t\t<\/div>\n\t\t\t\t<\/div>\n\t\t\t\t<div class=\"elementor-element elementor-element-75dcebd animated-fast elementor-invisible elementor-widget elementor-widget-heading\" data-id=\"75dcebd\" data-element_type=\"widget\" data-settings=\"{&quot;_animation&quot;:&quot;fadeInDown&quot;}\" data-widget_type=\"heading.default\">\n\t\t\t\t<div class=\"elementor-widget-container\">\n\t\t\t\t\t<h6 class=\"elementor-heading-title elementor-size-default\">O resultado \u00e9 imediato?<\/h6>\t\t\t\t<\/div>\n\t\t\t\t<\/div>\n\t\t\t\t<div class=\"elementor-element elementor-element-4999f4a elementor-invisible elementor-widget elementor-widget-text-editor\" data-id=\"4999f4a\" data-element_type=\"widget\" data-settings=\"{&quot;_animation&quot;:&quot;fadeIn&quot;}\" data-widget_type=\"text-editor.default\">\n\t\t\t\t<div class=\"elementor-widget-container\">\n\t\t\t\t\t\t\t\t\t<p><span style=\"color: #858585; font-size: 16.5px; text-align: start;\">N\u00e3o! Como s\u00e3o procedimentos para renova\u00e7\u00e3o da primeira camada da nossa pele, depende de um processo de recupera\u00e7\u00e3o do organismo, temos um per\u00edodo de prepara\u00e7\u00e3o, per\u00edodo de descama\u00e7\u00e3o, per\u00edodo de cuidados p\u00f3s peeling, o resultado n\u00e3o \u00e9 imediato!<\/span><br style=\"color: #858585; font-size: 16.5px; text-align: start;\" \/><br style=\"color: #858585; font-size: 16.5px; text-align: start;\" \/><span style=\"color: #858585; font-size: 16.5px; text-align: start;\">Aguardo voc\u00ea para uma avalia\u00e7\u00e3o!<\/span><\/p>\t\t\t\t\t\t\t\t<\/div>\n\t\t\t\t<\/div>\n\t\t\t\t\t<\/div>\n\t\t<\/div>\n\t\t\t\t\t<\/div>\n\t\t<\/section>\n\t\t\t\t<\/div>\n\t\t","protected":false},"excerpt":{"rendered":"<p>Est\u00e9tica, rejuvenescimento, naturalidade e mais beleza \u00e0 face Op\u00e7\u00f5es de tratamento &gt; [&hellip;]<\/p>\n","protected":false},"author":1,"featured_media":0,"parent":0,"menu_order":0,"comment_status":"closed","ping_status":"closed","template":"elementor_header_footer","meta":{"footnotes":"","_vp_format_video_url":"","_vp_image_focal_point":[]},"_links":{"self":[{"href":"https:\/\/agathaubiali.com.br\/site\/wp-json\/wp\/v2\/pages\/808"}],"collection":[{"href":"https:\/\/agathaubiali.com.br\/site\/wp-json\/wp\/v2\/pages"}],"about":[{"href":"https:\/\/agathaubiali.com.br\/site\/wp-json\/wp\/v2\/types\/page"}],"author":[{"embeddable":true,"href":"https:\/\/agathaubiali.com.br\/site\/wp-json\/wp\/v2\/users\/1"}],"replies":[{"embeddable":true,"href":"https:\/\/agathaubiali.com.br\/site\/wp-json\/wp\/v2\/comments?post=808"}],"version-history":[{"count":0,"href":"https:\/\/agathaubiali.com.br\/site\/wp-json\/wp\/v2\/pages\/808\/revisions"}],"wp:attachment":[{"href":"https:\/\/agathaubiali.com.br\/site\/wp-json\/wp\/v2\/media?parent=808"}],"curies":[{"name":"wp","href":"https:\/\/api.w.org\/{rel}","templated":true}]}}